e greatest common factor of 18 and 54?
18
Calculate the greatest common factor of 920 and 7912.
184
Calculate the highest common factor of 3399 and 33.
33
Calculate the greatest common factor of 106 and 4.
2
Calculate the highest common divisor of 20 and 380.
20
What is the greatest common divisor of 7533 and 31?
31
What is the greatest common factor of 51 and 3?
3
What is the greatest common divisor of 15 and 46005?
15
Calculate the greatest common divisor of 1280 and 16.
16
Calculate the highest common factor of 13 and 23140.
13
Calculate the highest common divisor of 28 and 812.
28
Calculate the highest common divisor of 4 and 424.
4
What is the greatest common factor of 120 and 6060?
60
What is the greatest common divisor of 525 and 63?
21
What is the highest common divisor of 20 and 24?
4
What is the highest common divisor of 52 and 84?
4
Calculate the highest common divisor of 84 and 105.
21
Calculate the greatest common factor of 440 and 80.
40
Calculate the greatest common divisor of 5459 and 721.
103
Calculate the greatest common factor of 4 and 2.
2
Calculate the greatest common divisor of 94 and 106126.
94
What is the highest common factor of 154 and 77?
77
Calculate the greatest common divisor of 1274 and 286.
26
What is the greatest common factor of 22 and 1166?
22
What is the highest common divisor of 80 and 90?
10
What is the greatest common factor of 144 and 15?
3
Calculate the greatest common factor of 272 and 2057.
17
Calculate the greatest common factor of 588 and 168.
84
Calculate the highest common divisor of 300 and 7325.
25
What is the highest common factor of 356 and 623?
89
What is the greatest common divisor of 300 and 350?
50
Calculate the highest common divisor of 2940 and 60.
60
What is the highest common factor of 410 and 280?
10
Calculate the greatest common divisor of 380 and 4085.
95
Calculate the greatest common divisor of 106 and 4717.
53
What is the highest common factor of 507 and 78?
39
What is the greatest common divisor of 150 and 330?
30
What is the highest common factor of 133 and 437?
19
Calculate the highest common factor of 3525 and 94.
47
What is the highest common factor of 27 and 3?
3
Calculate the highest common factor of 544 and 68.
68
Calculate the greatest common factor of 3321 and 27.
27
Calculate the greatest common divisor of 116 and 1015.
29
Calculate the highest common divisor of 3 and 891.
3
Calculate the highest common divisor of 393 and 12576.
393
What is the greatest common divisor of 80 and 260?
20
What is the greatest common divisor of 224 and 784?
112
What is the greatest common factor of 238 and 6902?
238
What is the highest common factor of 4080 and 48?
48
Calculate the highest common divisor of 17 and 133926.
17
Calculate the highest common factor of 320 and 560.
80
Calculate the highest common divisor of 69 and 460.
23
Calculate the greatest common divisor of 2613 and 195.
39
What is the greatest common factor of 6027 and 656?
41
Calculate the greatest common factor of 133 and 4123.
133
Calculate the greatest common divisor of 176 and 32.
16
Calculate the highest common factor of 1 and 81.
1
Calculate the greatest common divisor of 169 and 1222.
13
What is the highest common factor of 336 and 224?
112
What is the highest common factor of 1824 and 1254?
114
Calculate the greatest common divisor of 7300 and 25.
25
What is the greatest common factor of 20155 and 29?
29
What is the greatest common factor of 41704 and 104?
104
What is the highest common divisor of 4179 and 273?
21
What is the greatest common factor of 26895 and 165?
165
What is the highest common divisor of 206 and 6?
2
Calculate the highest common divisor of 20 and 815.
5
What is the highest common factor of 325 and 455?
65
What is the highest common factor of 315 and 189?
63
Calculate the greatest common divisor of 1917 and 142.
71
Calculate the greatest common divisor of 144 and 240.
48
What is the highest common factor of 18649 and 17?
17
Calculate the greatest common divisor of 1575 and 350.
175
What is the highest common divisor of 7 and 14?
7
What is the greatest common divisor of 1758 and 84?
6
What is the greatest common factor of 1547 and 476?
119
Calculate the highest common divisor of 22265 and 122.
61
What is the highest common divisor of 196 and 8?
4
Calculate the greatest common factor of 61224 and 24.
24
Calculate the highest common factor of 28 and 1828.
4
What is the highest common factor of 25 and 53225?
25
What is the greatest common factor of 76 and 8056?
76
Calculate the highest common factor of 67 and 67.
67
Calculate the greatest common factor of 672 and 966.
42
What is the highest common factor of 50 and 640?
10
Calculate the greatest common divisor of 72 and 684.
36
Calculate the greatest common divisor of 30 and 60.
30
Calculate the highest common factor of 1606 and 1022.
146
What is the greatest common factor of 24 and 3768?
24
What is the highest common factor of 40 and 64?
8
Calculate the greatest common factor of 12 and 7908.
12
Calculate the greatest common divisor of 612 and 108.
36
What is the highest common factor of 112 and 2184?
56
Calculate the highest common divisor of 534 and 6.
6
What is the greatest common factor of 637 and 147?
49
Calculate the greatest common divisor of 43 and 559.
43
What is the greatest common factor of 28 and 2534?
14
What is the greatest common factor of 1413 and 36?
9
Calculate the greatest common divisor of 2680 and 24.
8
Calculate the highest common factor of 25 and 5825.
25
What is the greatest common factor of 2021 and 517?
47
What is the highest common divisor of 242 and 176?
22
What is the greatest common divisor of 238 and 5678?
34
What is the highest common factor of 24 and 32352?
24
What is the greatest common factor of 66 and 1023?
33
What is the greatest common divisor of 40 and 5120?
40
What is the greatest common divisor of 33 and 3333?
33
Calculate the highest common divisor of 222 and 5254.
74
Calculate the greatest common divisor of 1161 and 13029.
129
Calculate the greatest common factor of 5989 and 106.
53
What is the greatest common factor of 47 and 6533?
47
What is the highest common divisor of 57 and 17537?
19
Calculate the highest common factor of 7174 and 34.
34
What is the greatest common divisor of 1407 and 147?
21
What is the highest common factor of 1710 and 6?
6
Calculate the greatest common factor of 952 and 3944.
136
What is the greatest common factor of 16 and 2?
2
What is the highest common factor of 2664 and 72?
72
What is the highest common divisor of 550 and 50?
50
Calculate the highest common factor of 16 and 108.
4
What is the greatest common divisor of 26 and 1391?
13
What is the highest common divisor of 333 and 9?
9
Calculate the greatest common factor of 800 and 520.
40
What is the highest common factor of 72 and 30?
6
Calculate the greatest common divisor of 3380 and 30.
10
Calculate the greatest common factor of 203 and 301.
7
What is the highest common factor of 12 and 162?
6
What is the greatest common divisor of 33892 and 740?
148
What is the highest common factor of 3 and 235?
1
What is the greatest common divisor of 1081 and 376?
47
What is the greatest common factor of 78 and 52?
26
Calculate the greatest common divisor of 29 and 2.
1
Calculate the greatest common divisor of 42 and 756.
42
Calculate the greatest common factor of 12 and 20.
4
Calculate the greatest common divisor of 3288 and 12.
12
What is the greatest common factor of 6 and 2742?
6
What is the greatest common factor of 481 and 26?
13
Calculate the highest common factor of 125 and 5.
5
What is the greatest common factor of 165 and 435?
15
What is the greatest common factor of 13450 and 50?
50
Calculate the greatest common divisor of 714 and 21.
21
What is the highest common factor of 2 and 446?
2
What is the highest common factor of 5 and 155?
5
Calculate the highest common factor of 2952 and 72.
72
What is the greatest common divisor of 60 and 11085?
15
What is the highest common factor of 7245 and 322?
161
What is the highest common divisor of 207 and 5451?
69
Calculate the greatest common divisor of 588 and 3724.
196
Calculate the highest common divisor of 1946 and 9452.
278
Calculate the greatest common divisor of 176 and 44.
4